is the tens digit of v(n)?
7
Let b be 63/6*(-12)/(-9). What is the hundreds digit of b/49 + 803/7?
1
Suppose 0 = 22*n + 13*n - 48510. What is the units digit of n?
6
Let k(v) = 4*v**3 + 8*v**2 - 7*v + 4. Let p = 13 - 7. Let f(u) = 5*u**3 + 8*u**2 - 7*u + 3. Let i(z) = p*k(z) - 5*f(z). What is the units digit of i(7)?
9
Suppose -d - 2427 = -2*h, -9*h + 11*h + d = 2437. What is the tens digit of h?
1
Let p = 16 - 14. Let b(s) = 32 - 7*s + 7*s**2 + 4*s**2 - 28 + 2*s. What is the tens digit of b(p)?
3
Let v = -22 - -26. Suppose 0*w + v*w = 524. What is the hundreds digit of w?
1
Let t(z) = 2*z**2 - 2*z + 8. Let h be t(6). Suppose -2*d = -5*j + 31, -5*d + 4*j - h = -d. Let r = d + 37. What is the units digit of r?
9
Let h(w) = -w - 11. Let r(f) = 2*f + 22. Let m(n) = -9*h(n) - 4*r(n). Let q be m(-12). What is the units digit of 73/4 + q/4?
8
Let j(o) = 8*o**2 + 2*o + 61. What is the hundreds digit of j(10)?
8
Let k(l) be the third derivative of 7*l**4/24 + l**3/3 - 12*l**2. Let u be k(-2). Let f(b) = -b**2 - 16*b - 16. What is the tens digit of f(u)?
3
Suppose 0 = -3*j + 224 + 829. What is the hundreds digit of j?
3
Let n be -4 - -6 - (-2 + 1 + 0). Suppose -2*o - 5*p = -519, -3*p = -5*o + n*o + 511. What is the hundreds digit of o?
2
Suppose -142 = -4*q + 542. Suppose 3*v = -2*f + 335, f - v = v + q. What is the units digit of f?
9
Let y(h) = -h**2 + 9*h + 18. Let v be y(10). Suppose 266 = 4*d + 2*c, -4*c - 252 = -4*d + v. What is the units digit of d?
6
Suppose 196*o = 195*o + 47. What is the units digit of o?
7
What is the hundreds digit of 696 + 17 - (-3)/((-3)/(-1))?
7
Let l = 1711 - 1200. Suppose 698 + l = 13*j. What is the units digit of j?
3
Suppose 0 = -6*y - 9*y + 4320. What is the tens digit of y?
8
Let f = 58 - 104. Let t = f - -128. What is the tens digit of t?
8
Suppose -9*k + 37 + 8 = 0. What is the hundreds digit of (k - 8/1)*-92?
2
Let w = 494 - 93. What is the tens digit of w?
0
Let w(h) = 7*h - 19. Let a(g) = -5*g**2 - 4*g - 16. Let u(m) = 4*m**2 + 5*m + 17. Let k(s) = 3*a(s) + 4*u(s). Let b be k(-6). What is the tens digit of w(b)?
3
Suppose 141 + 105 = 3*r. Suppose 232 = 3*w + r. What is the units digit of w?
0
Let d = 1565 + -672. What is the hundreds digit of d?
8
Suppose -3*d + 1474 = 4*t, -15*d = -17*d - 5*t + 978. What is the tens digit of d?
9
Let v = 5 + 0. Suppose 124 = -v*y - 2*x, -x = 4*y + 3*x + 92. Let n = 40 + y. What is the units digit of n?
4
Let s be -1 + (-10)/(-9) - 2576/18. Let g = 164 + s. What is the tens digit of g?
2
Let h be -37*(4 + -3)/(-1). Suppose -h*t + 42*t - 45 = 0. What is the units digit of t?
9
Suppose 0*b + 3*b - 6 = 0. Suppose b*i - 1 = n + 5, 3*n + 5*i = 26. What is the tens digit of -66*(-2 + 3/n)?
3
Let d(s) = -s**2 + 11*s - 24. Let z be d(8). What is the hundreds digit of 2 - (z + -10)*(-470)/(-20)?
2
Let x(o) = -o**3 - 10*o**2 + o + 14. Let v be x(-10). Let z(b) = b**3 - 3*b**2 + b + 4. What is the units digit of z(v)?
4
What is the hundreds digit of (0 - -1489)*4/(52/13)?
4
Suppose 5*h - 62 - 13 = 0. Suppose -h = -4*i - 111. What is the units digit of (i/20)/((-4)/30)?
9
Let z be -3 + (-3 + 3 - 4). Let b = -43 - z. Let y = 53 + b. What is the tens digit of y?
1
Let x = -7474 + 12532. What is the hundreds digit of x?
0
Let s be 6/4 - 3/2. Suppose -3*z - z + 64 = s. Suppose l = -5*d + 91, l + 3*l = -z. What is the tens digit of d?
1
Let v be 91/(-2)*(-72)/(-42). Let g = 463 - 321. Let b = v + g. What is the units digit of b?
4
Suppose -3*b = -9, -m = b - 6 - 1. Let j(q) = 3*q**2 + 4*q - 9*q + 2*q**2 - 6*q + 5. What is the tens digit of j(m)?
4
Suppose 11104 = -182*o + 190*o. What is the units digit of o?
8
Let t be 18/(-2)*(-1)/3. Suppose -2*o + 28 + 10 = 0. Suppose 3*a = -h + o, t*h = -3*a + 71 + 16. What is the tens digit of h?
3
Let l(p) = 2*p**2 - 6*p - 8. Let b be l(7). Suppose 4*j - r - 96 - b = 0, -j - 3*r + 23 = 0. What is the units digit of j?
5
Let j(o) = -o**3 - 3*o**2 + 10*o + 3. Let u be j(-5). Let s(p) = 4*p**3 - 2*p**2 - 3*p. What is the tens digit of s(u)?
8
Suppose 402 = 8*t - 6446. What is the units digit of t?
6
What is the hundreds digit of 12/6 - (-2128 - 7)?
1
Let d(g) = g**3 - 27*g**2 + 24*g + 23. What is the hundreds digit of d(27)?
6
Suppose h + 5*n = 13 + 12, -15 = -3*h - 3*n. Suppose h = -0*k + 13*k - 429. What is the tens digit of k?
3
Suppose -3*c = 2 - 11. Suppose 4*l + 3*t - 8 = 0, -4*l + 30 = -5*t - 10. Let x = l - c. What is the units digit of x?
2
Suppose 0 = -11*y + 7*y - 380. Let w(c) = 53*c + 7. Let a be w(3). Let j = y + a. What is the tens digit of j?
7
Suppose 2*g = 3*g. Suppose -3*l - l - 28 = g. Let o = 17 + l. What is the tens digit of o?
1
Let p = -5 - -2. Let f be 10*((-164)/20 - p). What is the tens digit of 32/24 + f/(-6)?
1
Suppose 4*p + 5*y - 2137 = -0*p, -2*y = -3*p + 1620. What is the hundreds digit of p?
5
Let o(c) = c**2 + c - 3. Let y be (-2 + 0)*12/8. Let z be o(y). Suppose 0*n - z*n + 66 = 0. What is the units digit of n?
2
Let j(v) = -v**3 + 4*v**2 + 2*v - 2. Let c be j(4). Let g be (c/(-8))/(4/(-400)). Let h = g + -30. What is the units digit of h?
5
Suppose 6*p - 26 + 2 = 0. Suppose 5*v = 3*v + p*f + 24, 0 = -3*v - 2*f + 12. What is the units digit of 4 + -3 + v + -1?
6
Let o(y) = -10*y - 12. Let u(v) = 9*v + 11. Let n(r) = -4*o(r) - 5*u(r). Let s(h) = 4*h + 7. Let w(f) = -2*n(f) - 3*s(f). What is the units digit of w(-6)?
5
What is the units digit of (-3 + 1)*(38 - 332)?
8
Suppose 0*h - 4*h - 192 = 0. What is the units digit of 3/2*(-10 - h)?
7
Let y be 54/(3 - (2 - 1)). Suppose -g = y - 86. What is the units digit of g?
9
Let g = -24 + 24. Let r = g + 5. What is the units digit of r?
5
What is the tens digit of 64/96 + (-22305)/(-9)?
7
Let i(p) = -9*p**2 + 8*p + 4. Let b(v) = 5*v**2 - 4*v - 2. Let m(s) = 11*b(s) + 6*i(s). What is the units digit of m(-11)?
9
Let v(r) = 354*r + 5. Let z be v(2). Suppose -7*k + z = 195. What is the units digit of k?
4
Suppose 5*b = d - 5*d + 1075, d = 2*b + 272. What is the units digit of d?
0
Suppose 15 = 5*a - 4*i, 6*i - i = -4*a + 12. Suppose 3*h = -5*x + 23, x - a*x = 5*h - 13. Let p(t) = t**3 - t**2 - 7*t + 5. What is the tens digit of p(x)?
2
Let g = 182 - 109. Suppose -13 - g = -x. What is the units digit of x?
6
Let s(k) = k**3 + 24*k**2 - 33*k + 53. What is the hundreds digit of s(-25)?
2
Let p = -15 + 17. Suppose 9*o - 7*o = p. Let q(g) = 28*g**3 + 2*g - 1. What is the tens digit of q(o)?
2
Let s be (-3 - -3)*(1 + 0). Suppose 3*m - m - 10 = s. Suppose 2*f + 2*f = -3*k - 8, 4*k + 11 = -m*f. What is the units digit of f?
1
Suppose 0 = -5*u + 3*a + 23, -2*a = 4*u + 2*a - 12. Let l = u + 26. What is the units digit of l?
0
Let x(j) = j + 9. Let p be x(-15). What is the units digit of 74/3 - p/18?
5
Let j(h) = 6*h - h**3 - 7*h**2 - 7*h - 4 - 2*h. Let a be j(-7). Suppose a*n = 21*n - 152. What is the tens digit of n?
3
Let g = 18 + -16. Let o be (0 + g)*(-2)/(-4). What is the units digit of ((-3 - -7) + o)*1?
5
Let a(o) = o**3 - 9*o**2 + 21*o - 44. What is the hundreds digit of a(17)?
6
Let h(y) = 249*y - 588. What is the tens digit of h(12)?
0
Suppose 3*c - 24 = 5*c + 5*w, 0 = -3*c + w - 70. Let k = c - 8. Let g = -13 - k. What is the units digit of g?
7
Suppose -3*y = y + 8. What is the tens digit of (-131)/y - (-3)/(-2)?
6
Suppose 12*i - 76 = 16*i. Let a = i - -52. What is the units digit of a?
3
Suppose 4*b - 881 - 993 = -w, w = -3*b + 1405. What is the hundreds digit of b?
4
Let i(h) = -h - 6. Let b be i(-4). What is the tens digit of (312/9 + b)*24/16?
4
Let g = 1065 - 721. What is the tens digit of g?
4
Suppose -5*z - 28 = -d, -11 - 7 = 3*z - d. Let u(v) = v**2 + 7*v + 5. Let h be u(z). Let i(l) = -l**3 - 3*l**2 + 5*l + 5. What is the tens digit of i(h)?
3
Suppose -96 = 10*t - 4*t. Let f = 28 + t. What is the tens digit of (-4)/f - 147/(-9)?
1
Suppose -54*m = -57*m + 6. Suppose m*u - 3*n - 76 = 119, -2*u = -5*n - 185. What is the hundreds digit of u?
1
Let l(v) be the first derivative of -v**4/4 - v**2/2 - 7. Let d be l(0). Suppose 3*b = f - 38, d = 2*f - 0*f + b - 55. What is the tens digit of f?
2
Let l(z) = -2*z + 4. Let c be l(5). Let p(d) be the second derivative of d**5/20 + 7*d**4/12 - d**3/2 - 3*d**2/2 + 38*d. What is the tens digit of p(c)?
5
Suppose 7*o + 22 = 2*c + 4*o, 5